e factors of m.
3, 7
What are the prime factors of (-3)/(-12) - 615/(-20)?
31
Suppose 5*c - 40 = -0*c. List the prime factors of c.
2
Let k(u) = -3*u**2 + 2*u - 1. Let h(d) = -2*d**2 + 2*d - 1. Let t(q) = 5*h(q) - 4*k(q). What are the prime factors of t(-2)?
3
Let a = 11 + -8. Let v = -6 + 5. List the prime factors of (-3)/(v/4*a).
2
Let j = -17 - -19. Suppose 5*u + 3*t = 94, -j*t - t = -4*u + 86. What are the prime factors of u?
2, 5
Suppose 0 = 3*t - 4*j - 488, -t - 3*t = 5*j - 692. List the prime factors of t.
2, 3, 7
Let i = -209 - -460. What are the prime factors of i?
251
Let r = -4 + 48. List the prime factors of r.
2, 11
Suppose t - 4 - 15 = 0. Suppose -t = 3*k - 124. Let y = -20 + k. List the prime factors of y.
3, 5
Suppose -5*v + 2*v = -9. Suppose -2*c - 4*w - 21 = -85, -2*w = v*c - 116. Let j = c - 20. What are the prime factors of j?
2, 11
Let z = 3 - 6. Let i be 3/2 + z/6. Suppose i = -h + c + 18, 5*h - 75 = 3*c. List the prime factors of h.
2, 3
Suppose 4*r = -5*s + 482, -5*r - 498 = -5*s - r. What are the prime factors of s?
2, 7
Let g be -1 + (0 - -18) + 1. Suppose 0 = -4*r + 14 + g. What are the prime factors of r?
2
Let t(w) = w - 3*w + w + 3*w - 4. List the prime factors of t(7).
2, 5
What are the prime factors of 10/(-65) - (-860)/13?
2, 3, 11
Let z = 8 - 5. Let o = z + -3. Suppose m - v - 5 = o, -3*m + 2*v = -0*m - 14. List the prime factors of m.
2
Suppose t = p + 2*p - 168, p - t - 56 = 0. List the prime factors of p.
2, 7
Let x = -2 + 5. Let b(l) = 2*l**2 - 1. List the prime factors of b(x).
17
Suppose 4*g = 2*g - 6. Let r(m) = m**2 + 4*m + 4. Let u be r(g). What are the prime factors of u/(-3 - -2) - -13?
2, 3
Let h(y) be the second derivative of 2*y**2 + 0 + y + 1/6*y**3. List the prime factors of h(6).
2, 5
Let w(y) = y**2 + 3*y + 9. What are the prime factors of w(-5)?
19
Suppose 0*w = 2*w - 5*a - 65, 5*w + 3*a = 147. What are the prime factors of (-16)/(-6)*w/8?
2, 5
Let i = 13 - 8. Suppose 2*y - 1 = 5. Suppose d = y + i. List the prime factors of d.
2
Suppose 70 = 4*t + 7*r - 2*r, -t = 2*r - 19. Let h = t + 5. List the prime factors of h.
2, 5
Let z(o) = -6*o**3 + o. Let q be z(-1). Let j be (16/10)/(1/q). Suppose -j = -3*p - 0*p + m, m = p - 2. What are the prime factors of p?
3
Let x be 15 - (-1)/((-2)/4). Let h = 18 - x. Suppose -54 = -h*n - 4. List the prime factors of n.
2, 5
Let s be 18 - 2*(-1 + 0). Suppose v = 5*v - s. What are the prime factors of v?
5
Let i be 5 + 37 - 2*-1. Let v = i - 21. Let s = -10 + v. What are the prime factors of s?
13
List the prime factors of (-7 + 11)/(2/3).
2, 3
Let s = 176 - 94. What are the prime factors of s?
2, 41
Let i = 1 + 1. Let b = -7 - -6. List the prime factors of i/(0 + b) - -12.
2, 5
Suppose -2*s + 12 = -26. Let j = -44 + s. Let h = j + 38. List the prime factors of h.
13
Let y(o) = -o**2 + 8*o - 4. Let z(v) = -1. Let h(t) = -y(t) + 2*z(t). Let s be h(8). List the prime factors of 4 - (2 + (-4)/s).
2
Let t(v) = v**2 + 4*v - 8. Let z(i) = i**2 + 3*i - 9. Let s(d) = -2*t(d) + 3*z(d). What are the prime factors of s(-7)?
31
Suppose -2*o + 96 = -4*n, 2*n - 90 = -2*o - 0*o. What are the prime factors of o?
2, 23
Let j(g) = 4*g**3 + 5*g**2 + 8*g + 3. Let k(t) = t**3 + t + 1. Let u(d) = -j(d) + 3*k(d). List the prime factors of u(-4).
2
Let i = 45 + -15. Suppose -3*v = 2*v - i. Suppose 0 = 4*s - 6 - v. List the prime factors of s.
3
Let g = -1 - -38. List the prime factors of g.
37
Let h(o) be the third derivative of 2*o**2 + 0*o + 0*o**3 + 1/40*o**6 - 1/24*o**4 + 0 + 1/30*o**5. List the prime factors of h(1).
2
Suppose 3 = -5*q + 6*q, -3*h + 480 = -4*q. List the prime factors of h.
2, 41
Suppose -2*h = -0*w - 5*w - 54, 4*w = 5*h - 152. Let o = -16 + h. What are the prime factors of o?
2
Let l(b) = -b**3 + 12*b**2 - 11*b + 13. Let a be l(11). Let k = a + -7. List the prime factors of k.
2, 3
Let l(s) be the second derivative of s**5/20 + 7*s**4/12 + 4*s**3/3 + 7*s**2/2 - s. List the prime factors of l(-5).
17
Suppose -2*r = 3*j - 0*j + 3, j = -3*r - 8. Suppose -n = -w - 18, -2*w - j = -5. What are the prime factors of n?
2, 5
Let p be -2 - (4 - 2 - 4). Suppose p = 5*b - 28 - 27. Suppose 3 = -4*z + b. List the prime factors of z.
2
Let l be -1*33*-1 + -3. Suppose 5*v = 4*f - 45, 0 = 3*f - 5*v - l. What are the prime factors of f?
3, 5
Suppose -3*r - u = 2*r - 14, 2*r - 5*u = 11. Suppose 0*t + 4 = 2*t. Suppose 40 = t*v + r*v. What are the prime factors of v?
2
Suppose -2*v + 4*x = -17 - 9, -4*v - 8 = 4*x. Suppose 0*c - c - 81 = -v*a, -2*c - 134 = -5*a. What are the prime factors of a?
2, 7
Let l = 166 + -87. What are the prime factors of l?
79
Let z(v) = 2*v**2 + 7*v - 10. Let u be z(-7). Suppose -5*h - 21 = -2*w, 3*w + 0*w = 5*h + u. What are the prime factors of w?
2, 3
List the prime factors of 1/(0 + -1) + 229 + -2.
2, 113
Let b(c) = 348*c**2 - 4*c - 1. List the prime factors of b(-1).
3, 13
Let m(q) = -2*q + 1. Let r(z) = z. Let p(c) = 3*m(c) + 5*r(c). Let v be 9/12 - 39/4. What are the prime factors of p(v)?
2, 3
Suppose 0*k + k = -d + 2, 2*k = 5*d + 18. Let w(p) = p + 5. List the prime factors of w(k).
3
Suppose 0 = 4*f - 3*f - 3. Suppose h - f = -0*h. Suppose -h*d + 5 = -2*d. What are the prime factors of d?
5
Let k be (4/5)/(4/50). Let l = k + 18. What are the prime factors of l?
2, 7
Let v(t) = 2*t**2 - t - 2. Let c(r) = 2*r**2. Let s be c(2). Let u = 11 - s. List the prime factors of v(u).
13
Let w = -7 + 5. Let n be (w + -36)*(-6)/3. Suppose -n = -3*r - r. List the prime factors of r.
19
Suppose 5*o = -4*z - 27, -2*z + 0*z = o + 9. Let x be 9/2 - z/6. Suppose -p - 1 = -x. List the prime factors of p.
2
Let j = 22 - 16. Suppose -5*m + 9 = -j. Suppose m + 4 = c. What are the prime factors of c?
7
Let k(o) = o - 7. Let a be k(6). List the prime factors of a - -1 - (-14 + -2).
2
Suppose -2*t - 28 = -7*t + 4*m, -5*t + 3*m + 31 = 0. What are the prime factors of t?
2
Suppose -16 = -2*j + 150. Let t = j + -18. Suppose 2*p + 3*p - t = 0. List the prime factors of p.
13
Let j be (-2)/3 + 12/18. Suppose j = g - 15 + 3. What are the prime factors of g?
2, 3
Let k = 270 + -158. What are the prime factors of k?
2, 7
Let k = -27 + 51. What are the prime factors of k?
2, 3
Let w(o) = o**3 + 2*o**2 - o. Let g be w(1). Let s = -8 - -13. Suppose 0 = -g*d + 3*n + 22, -2*d - s*n = -d + 2. What are the prime factors of d?
2
Let a = 261 + -128. List the prime factors of a.
7, 19
Let o be (6/4)/((-6)/(-64)). Suppose j - n - o = 0, 4*j + 2*n = 3*j + 22. List the prime factors of j.
2, 3
Let c(f) = -f**3 - 4*f**2 + 3. Let v be c(-4). List the prime factors of 2*v - (6 + -4).
2
Let t be ((-104)/65)/(1/(-15)). Let l = 30 - t. List the prime factors of l.
2, 3
Suppose 6 = o + 4*o - 3*a, -o = 4*a - 15. Suppose -15 = 5*q, o*y = 4*q - 0*q + 54. What are the prime factors of y?
2, 7
Suppose 0 = 6*a - a. List the prime factors of 1 - a - (3 - 4).
2
Let s be (0 - 4)*(0 + 1). Let k = s + -7. Let y = k - -18. List the prime factors of y.
7
Suppose 4*x = -v + 3*v + 18, -4*x + v = -19. Suppose -3*w = -3*y - 96, 152 = -x*y + 5*w - 2*w. List the prime factors of (-2)/7 + (-204)/y.
7
Let g = -5 - -11. Suppose 4 + g = 5*w. List the prime factors of w.
2
Suppose 60 = -j + 3*j. Let u = j - 20. List the prime factors of u.
2, 5
Let b = 2 + 2. Let a be b - (1 + 1 - 0). Suppose -4*q + a = -2*x, 3*q - x - 2 = 2. What are the prime factors of q?
3
Let n(x) = 7*x + 1 - 5 + 2 - x**2. Let y = -7 - -10. What are the prime factors of n(y)?
2, 5
Suppose -9*i = 31 - 130. List the prime factors of i.
11
Suppose 3*q - 12 = q. Let o = q - -1. What are the prime factors of o?
7
Let g = -177 - -325. List the prime factors of g.
2, 37
What are the prime factors of ((-3)/2)/(9/(-354))?
59
Let b = 172 - 109. What are the prime factors of b?
3, 7
Let c = 7 + -2. List the prime factors of c*(7/5 + -1).
2
Suppose 5*i + 36 = 4*v, 16 = -v - 0*i - 5*i. Let q(k) = 2*k - 1. List the prime factors of q(v).
7
Let r(n) = -n**3 + 4*n**2 + n + 2. Let v be r(4). Suppose v = 4*c - 34. What are the prime factors of c?
2, 5
Suppose 5*x = 4*d + 1501, -x - d + 171 = -122. What are the prime factors of x?
3, 11
Let c = 81 - -43. What are the prime factors of c?
2, 31
Let y be 6/(-1 - -3) + -2. Let h(w) = 8*w. List the prime factors of h(